er when c(x) is divided by 16?
15
Suppose 0 = f + 3*v - 12, 5*v - v = -16. Calculate the remainder when f is divided by 9.
6
Suppose -6*g + 2*q = -g - 146, -q = 3. Suppose 0 = -3*o + 2*o - 4, -2*p + 3*o + 42 = 0. What is the remainder when g is divided by p?
13
Let m be (-3)/(-5) + 10/25. Let r = 8 - m. What is the remainder when r is divided by 3?
1
Let n = 7 + 4. Let l = 1 - 5. Let x = n + l. What is the remainder when 12 is divided by x?
5
Let d = 0 - -30. Suppose 0 = m - 26 - d. Calculate the remainder when m is divided by 15.
11
Let w(a) = -2*a**2 - 3*a + 7. Let c be w(-5). Let k = -15 - c. Suppose -3*r + 70 = b, 5*r + k - 3 = 0. Calculate the remainder when b is divided by 26.
24
Let f be -4 + (-54)/2 + (2 - -1). Let m be (-1 + 2)*-3*-13. Let u = m + f. What is the remainder when 21 is divided by u?
10
Suppose a = -3*a + 116. Let x(v) = 3*v - 4. Calculate the remainder when a is divided by x(4).
5
Suppose -b = 4*b - 435. Let s = b - 62. Calculate the remainder when s is divided by 13.
12
Suppose 3*t - t + 4 = 0, -3*t - 211 = -5*i. What is the remainder when i is divided by 15?
11
Calculate the remainder when 27 is divided by 4/(-14) + 107*6/42.
12
Calculate the remainder when 65 is divided by ((-2)/3)/(14/(-357)).
14
Suppose 2*s = -0*s - 10. Let l = 12 - s. Suppose 4*c + 4*q + 21 = 5*c, q - 6 = -c. What is the remainder when l is divided by c?
8
Suppose 2*b - 3*s - 75 + 2 = 0, 5*b + 5*s - 245 = 0. Let l(f) = -f**2 - 9*f + 9. Calculate the remainder when b + (-3 - -2) + 1 is divided by l(-7).
21
Let g(b) = -2*b + 8. Let f be g(11). Let k = 23 + f. Suppose -5*l = -3*i - 8 + 84, 5*l = -i - 8. Calculate the remainder when i is divided by k.
8
Calculate the remainder when 126 is divided by ((-12)/10)/(4 + 489/(-120)).
14
Suppose -2*u + 0*u + 66 = 0. What is the remainder when u is divided by 17?
16
Suppose -2*s = 2*s - 8. Suppose s*q = -0*q + 112. Suppose -4 = c, d = -0*d + 5*c + q. Calculate the remainder when d is divided by 13.
10
Calculate the remainder when (-1)/((5/115)/(-1)) is divided by 8.
7
Let p be (2/(-4))/(7/(-686)). Let c be (-126)/(-10) + (-8)/(-20). Suppose 0 = -4*g - c + p. What is the remainder when 33 is divided by g?
6
Suppose 0 = 14*v - 19*v + 55. Calculate the remainder when 28 is divided by v.
6
Let a = 0 - 0. Suppose -2*t - 2*t + 20 = a. What is the remainder when 9 is divided by t?
4
Suppose -2*g = n - 4*g, 0 = -4*n - 5*g + 26. Suppose -5*d - 141 = -5*p + p, -p + 9 = n*d. What is the remainder when p is divided by 10?
9
Suppose 4*i + 2*f = 49 + 23, 0 = 4*i + f - 68. What is the remainder when i is divided by 9?
7
Calculate the remainder when 49 is divided by (2*(-4)/(-12))/((-4)/(-150)).
24
Suppose z = -1, 2*f + 5*z - 2*z = 1. Suppose 0 = f*u + 1 - 5. What is the remainder when 5 is divided by u?
1
Suppose 0 = 2*w - 3 - 1. Let y be ((-2)/4)/(w/(-96)). Suppose -4*b - u + y = 0, -u - 24 = -4*b + 3*u. What is the remainder when 9 is divided by b?
3
Let f = 29 - 8. Let v = 1 + f. Suppose 0 = -a + 5*n + 23 - 10, -n = 4*a - 31. Calculate the remainder when v is divided by a.
6
Suppose -4*j + 9 = 3*m, 3*m - m + 5*j - 13 = 0. Let p = 3 + -5. What is the remainder when 27 is divided by (p + m)*(-42)/9?
13
Let g be 5 - 2 - (0 + -1). Suppose q = g + 3. Let f = -3 - -6. What is the remainder when q is divided by f?
1
Suppose -2*v - 128 = -6*v. What is the remainder when 157 is divided by v?
29
Suppose 0 = 3*h - 5*i - 25, 0*i = -2*h - 5*i. Let z be (5 - 1)/((-2)/(-5)). Suppose 5*m + 0*m - z = 0. What is the remainder when h is divided by m?
1
Suppose 13 = 3*t - 11. Suppose -4*a = -m + 37, -4*m - 4*a + 26 = -2*m. What is the remainder when m is divided by t?
5
Let w be ((-3)/(-2))/((-1)/(-2)). Let f = 2 - w. What is the remainder when 2 is divided by (-1)/((-2)/6) + f?
0
Suppose -5*p + g + 28 = 4*g, -5*p - 2*g + 27 = 0. Suppose 5*k - l = k + 25, 23 = 3*k - p*l. What is the remainder when 11 is divided by k?
5
Suppose -45*m + 24 = -41*m. Calculate the remainder when 34 is divided by m.
4
Let y(s) be the first derivative of -15*s**2/2 + 2. Calculate the remainder when 57 is divided by y(-1).
12
Let p be (-4 + -2)*3/(-6). Suppose 15 = p*x - 3*k, -4*x + 14 = -3*k + k. Suppose -3*w + x*w + 42 = 0. What is the remainder when w is divided by 22?
20
Suppose -13*p + 23*p = 140. Calculate the remainder when p is divided by 13.
1
Calculate the remainder when (-15)/(-2) + (-4)/8 is divided by 2.
1
Suppose 0 = -2*j + 1 + 19. Let h = -1 - -4. What is the remainder when -1*(0 - (15 + h)) is divided by j?
8
Suppose 1 = -5*h + 91. Calculate the remainder when 52 is divided by h.
16
Let m = 44 + -24. Calculate the remainder when m is divided by 12.
8
Let j = 4 + -3. Let c(r) = 3*r - 1. Let d = -2 + 3. What is the remainder when c(j) is divided by d?
0
Let r = -5 - -7. Suppose 6 = r*s + s. Calculate the remainder when 7/s*(7 - -1) is divided by 15.
13
Suppose p + 3*q - 6*q + 28 = 0, 65 = -2*p + 3*q. Let u = 57 + p. Suppose u = 3*a - a. Calculate the remainder when 28 is divided by a.
8
Let p = 8 - -10. Suppose 6*h - h = -35. Let r = h + 17. What is the remainder when p is divided by r?
8
Let l be (-7)/(14/8 + -2). Suppose 2*s - 4*n = l, 6*s - s - n - 25 = 0. Suppose -94 = -6*w + s*w. Calculate the remainder when w is divided by 24.
23
Suppose -26 = -3*d + 2*p, 2*p = -2*d + 7*p - 1. Let o(j) = 5*j. Calculate the remainder when o(7) is divided by d.
11
Let x(n) = -8*n + 4. Let w = 21 + -29. Calculate the remainder when x(-6) is divided by (6/w)/((-1)/24).
16
Let n be 2*1/(-1) + 48. Suppose 2*r = 34 + 18. Suppose r = 4*w - n. Calculate the remainder when 52 is divided by w.
16
Let p(i) = i**2 + i**2 + 3*i**2 - i + 7*i**2. Let u = 10 + 14. What is the remainder when p(2) is divided by u?
22
Suppose 4*b - 9 = -3*h + 5, 0 = -2*b + 2*h + 14. What is the remainder when 7 is divided by b?
2
Let m(p) = -p + 2. Suppose 3*t = 4*t. Let q be m(t). Let s = 2 + q. What is the remainder when s is divided by 2?
0
Suppose -2*c = -5*c + 12. What is the remainder when 6 is divided by c?
2
What is the remainder when 61 is divided by ((-88)/(-6))/(1*8/12)?
17
Suppose -5 = -h - 3*l, -2*h + 4 = 4*l - 8. Suppose -10 = -2*b + 18. Calculate the remainder when b is divided by h.
6
Let r be 0 - (-42)/(0 + 3). Suppose r = -l + 6*l + q, 6 = l + q. Let s = 1 + l. What is the remainder when s is divided by 2?
1
Let d = 2 + 20. Calculate the remainder when 42 is divided by d.
20
Let a(c) = c**2 - 2*c - 4. Let p be a(4). What is the remainder when 135/4 + (-3)/p is divided by 9?
6
Let d(b) = 4*b**2 - 5*b + 2. Let h(k) = -k + 3. What is the remainder when d(3) is divided by h(-5)?
7
Calculate the remainder when 117 is divided by (3 + 22/6)*(-18)/(-4).
27
Suppose -2*w = -5*a + 85, a + 4 = 5*w - 2. Let j = -4 - -4. Suppose j = -4*i + q + 32, -4*i = -2*i - 5*q - 34. What is the remainder when a is divided by i?
5
What is the remainder when 173 is divided by (-10 + 7)/((-6)/88)?
41
Let c(x) = -x. Let b be c(-5). Suppose 6 = b*r - 4, -r = 3*j - 26. Suppose o = -3*s + 26, -2*o - 3*s = -0*s - 49. What is the remainder when o is divided by j?
7
Let q = 39 + -24. Let w(m) be the first derivative of m**4/4 - 2*m**3/3 + 3*m**2/2 - 2. What is the remainder when q is divided by w(2)?
3
Suppose 5*c + 2*c = 77. Calculate the remainder when (43/3)/((-1)/(-3)) is divided by c.
10
Let s(x) = -9*x**3 - 2*x - 1. Let p(w) be the third derivative of w**6/120 + w**5/12 - 7*w**4/24 + 3*w**2. What is the remainder when s(-1) is divided by p(-6)?
4
Calculate the remainder when 14 is divided by (-4)/18 - (3 + 260/(-36)).
2
Suppose 0*u = 5*u - 115. Calculate the remainder when 206 is divided by u.
22
Suppose -2*j = -3*p + 17, -5*j - 32 = -2*p - 2*p. Suppose 3*b = 2*b + 5*s - 19, 4*b + p*s - 39 = 0. What is the remainder when (-4)/6 + 32/3 is divided by b?
4
Let x = 9 + -2. Let j(a) = 3*a - 5. What is the remainder when j(x) is divided by 50/6 - (-4)/6?
7
Suppose 10*k + 97 = 5*v + 13*k, 5 = -5*k. What is the remainder when 76 is divided by v?
16
Let c be 1/6 - (-164)/24. What is the remainder when 22 - 2/2*2 is divided by c/((-1)/(3/(-3)))?
6
Suppose 2*z + z - 2*w = 211, 3*w = 4*z - 283. What is the remainder when z is divided by 17?
16
Suppose 4*v = -2*k + 72, -k + 6*k - 9 = -v. What is the remainder when v i